{"id":13,"date":"2023-01-14T09:43:03","date_gmt":"2023-01-14T08:43:03","guid":{"rendered":"http:\/\/christellebes.com\/?page_id=13"},"modified":"2023-01-25T16:10:39","modified_gmt":"2023-01-25T15:10:39","slug":"competences","status":"publish","type":"page","link":"https:\/\/christellebes.com\/index.php\/competences\/","title":{"rendered":"Comp\u00e9tences"},"content":{"rendered":"\n<h3 class=\"wp-block-heading\">Naturalistes<\/h3>\n\n\n\n<ul class=\"wp-block-list\">\n<li>Ma\u00eetrise des protocoles d&rsquo;inventaires<\/li>\n\n\n\n<li>Botanique (Pr\u00e9s et cultures, Bois et For\u00eats, Villages et Agglom\u00e9rations, Zones Humides) \/ Bon niveau<\/li>\n\n\n\n<li>Ornithologie (Pr\u00e9s et cultures, Bois et For\u00eats, Villages et Agglom\u00e9rations, Zones Humides&#8230;) \/ Bon Niveau<\/li>\n\n\n\n<li>Amphibiens (Tritons, Grenouilles, Crapauds) \/ Bon niveau<\/li>\n\n\n\n<li>Entomologie (L\u00e9pidopt\u00e8res, Odonates) \/ Niveau Moyen <\/li>\n\n\n\n<li>Entomologie (Hym\u00e9nopt\u00e8res, Dipt\u00e8res, Carabes) \/ Niveau d\u00e9butant<\/li>\n\n\n\n<li>Herp\u00e9tologie (Esp\u00e8ces communes)<\/li>\n\n\n\n<li>Mammalogie (Esp\u00e8ces communes)<\/li>\n<\/ul>\n\n\n\n<h3 class=\"wp-block-heading\">Management <\/h3>\n\n\n\n<ul class=\"wp-block-list\">\n<li>Recrutement<\/li>\n\n\n\n<li>Gestion d&rsquo;\u00e9quipe &#8211; <a href=\"https:\/\/christellebes.com\/index.php\/recommandations\/\">voir recommandations <\/a><\/li>\n\n\n\n<li>Formation \/ Accompagnement \/ Bilan \/ Planning<\/li>\n<\/ul>\n\n\n\n<h3 class=\"wp-block-heading\">R\u00e8glementaire<\/h3>\n\n\n\n<ul class=\"wp-block-list\">\n<li>Trames bleues \/ vertes \/ noires<\/li>\n\n\n\n<li>Espaces Naturels Sensibles<\/li>\n\n\n\n<li>Natura 2000<\/li>\n\n\n\n<li>Directive oiseaux, Directive habitats, ZNIEFF<\/li>\n\n\n\n<li>Convention RAMSAR<\/li>\n\n\n\n<li>Loi sur l&rsquo;eau<\/li>\n\n\n\n<li>R\u00e9serves Biologiques Int\u00e9grales, R\u00e9serves Biologiques Dirig\u00e9es, <\/li>\n<\/ul>\n\n\n\n<h3 class=\"wp-block-heading\">Logiciels de bureautique<\/h3>\n\n\n\n<ul class=\"wp-block-list\">\n<li>Pack Office (Word, Excel, PowerPoint&#8230;)<\/li>\n\n\n\n<li>Open Office<\/li>\n<\/ul>\n\n\n\n<h3 class=\"wp-block-heading\">Analyses statistiques, mod\u00e9lisation et illustrations<\/h3>\n\n\n\n<ul class=\"wp-block-list\">\n<li>R (R\u00e9gression lin\u00e9aire, ANCOVA, ACP, AFC, GLMM, SDM, SEM, \u00e9cologie fonctionnelle : RME, CWM, FD)<\/li>\n<\/ul>\n\n\n\n<h3 class=\"wp-block-heading\">Syst\u00e8me d\u2019Information G\u00e9ographique (SIG) et T\u00e9l\u00e9d\u00e9tection<\/h3>\n\n\n\n<ul class=\"wp-block-list\">\n<li>QGIS<\/li>\n<\/ul>\n\n\n\n<h3 class=\"wp-block-heading\">Analyse et traitements d\u2019images<\/h3>\n\n\n\n<ul class=\"wp-block-list\">\n<li>Adobe Photoshop<\/li>\n\n\n\n<li>Adobe Illustrator<\/li>\n<\/ul>\n\n\n\n<h3 class=\"wp-block-heading\">Gestion de projet<\/h3>\n\n\n\n<ul class=\"wp-block-list\">\n<li>Encadrement et coordination d&rsquo;\u00e9quipe<\/li>\n\n\n\n<li>Capacit\u00e9 d&rsquo;analyse, synth\u00e8se et vulgarisation<\/li>\n\n\n\n<li>Aptitude \u00e0 la concertation et \u00e0 la m\u00e9diation<\/li>\n\n\n\n<li>Planning, Gestion de budget, Bilans<\/li>\n<\/ul>\n\n\n\n<h3 class=\"wp-block-heading\">Langues<\/h3>\n\n\n\n<ul class=\"wp-block-list\">\n<li>Fran\u00e7ais (langue maternelle)<\/li>\n\n\n\n<li>Anglais (Courant)<\/li>\n\n\n\n<li>Espagnol (Courant)<\/li>\n<\/ul>\n\n\n\n<h3 class=\"wp-block-heading\">Communication &#8211; CRM<\/h3>\n\n\n\n<ul class=\"wp-block-list\">\n<li>Flyers<\/li>\n\n\n\n<li>Sites web (WordPress)<\/li>\n\n\n\n<li>R\u00e9seaux sociaux<\/li>\n\n\n\n<li>Newsletters &#8211; CRM (Selligent, Mailchimp, Neolane)<\/li>\n\n\n\n<li>Merchandising<\/li>\n\n\n\n<li>SEO<\/li>\n<\/ul>\n","protected":false},"excerpt":{"rendered":"<p>Naturalistes Management R\u00e8glementaire Logiciels de bureautique Analyses statistiques, mod\u00e9lisation et illustrations Syst\u00e8me d\u2019Information G\u00e9ographique (SIG) et T\u00e9l\u00e9d\u00e9tection Analyse et traitements d\u2019images Gestion de projet Langues Communication &#8211; CRM<\/p>\n","protected":false},"author":1,"featured_media":0,"parent":0,"menu_order":1,"comment_status":"closed","ping_status":"closed","template":"","meta":{"footnotes":""},"class_list":["post-13","page","type-page","status-publish","hentry"],"_links":{"self":[{"href":"https:\/\/christellebes.com\/index.php\/wp-json\/wp\/v2\/pages\/13","targetHints":{"allow":["GET"]}}],"collection":[{"href":"https:\/\/christellebes.com\/index.php\/wp-json\/wp\/v2\/pages"}],"about":[{"href":"https:\/\/christellebes.com\/index.php\/wp-json\/wp\/v2\/types\/page"}],"author":[{"embeddable":true,"href":"https:\/\/christellebes.com\/index.php\/wp-json\/wp\/v2\/users\/1"}],"replies":[{"embeddable":true,"href":"https:\/\/christellebes.com\/index.php\/wp-json\/wp\/v2\/comments?post=13"}],"version-history":[{"count":7,"href":"https:\/\/christellebes.com\/index.php\/wp-json\/wp\/v2\/pages\/13\/revisions"}],"predecessor-version":[{"id":429,"href":"https:\/\/christellebes.com\/index.php\/wp-json\/wp\/v2\/pages\/13\/revisions\/429"}],"wp:attachment":[{"href":"https:\/\/christellebes.com\/index.php\/wp-json\/wp\/v2\/media?parent=13"}],"curies":[{"name":"wp","href":"https:\/\/api.w.org\/{rel}","templated":true}]}}