{"id":386,"date":"2023-01-25T00:43:14","date_gmt":"2023-01-24T23:43:14","guid":{"rendered":"http:\/\/christellebes.com\/?page_id=386"},"modified":"2024-12-16T20:02:20","modified_gmt":"2024-12-16T19:02:20","slug":"odonates","status":"publish","type":"page","link":"https:\/\/christellebes.com\/index.php\/galerie-naturaliste\/odonates\/","title":{"rendered":"Odonates"},"content":{"rendered":"\n<h3 class=\"wp-block-heading\">Anisopt\u00e8res<\/h3>\n\n\n\n<figure class=\"wp-block-gallery has-nested-images columns-default is-cropped wp-block-gallery-1 is-layout-flex wp-block-gallery-is-layout-flex\">\n<figure class=\"wp-block-image size-large\"><img loading=\"lazy\" decoding=\"async\" width=\"1024\" height=\"1024\" data-id=\"1003\" src=\"https:\/\/christellebes.com\/wp-content\/uploads\/2024\/12\/Aeschna_mixta4_20230823_TNF_CB-1024x1024.jpg\" alt=\"\" class=\"wp-image-1003\" srcset=\"https:\/\/christellebes.com\/wp-content\/uploads\/2024\/12\/Aeschna_mixta4_20230823_TNF_CB-1024x1024.jpg 1024w, https:\/\/christellebes.com\/wp-content\/uploads\/2024\/12\/Aeschna_mixta4_20230823_TNF_CB-300x300.jpg 300w, https:\/\/christellebes.com\/wp-content\/uploads\/2024\/12\/Aeschna_mixta4_20230823_TNF_CB-150x150.jpg 150w, https:\/\/christellebes.com\/wp-content\/uploads\/2024\/12\/Aeschna_mixta4_20230823_TNF_CB-768x768.jpg 768w, https:\/\/christellebes.com\/wp-content\/uploads\/2024\/12\/Aeschna_mixta4_20230823_TNF_CB-1536x1536.jpg 1536w, https:\/\/christellebes.com\/wp-content\/uploads\/2024\/12\/Aeschna_mixta4_20230823_TNF_CB.jpg 1633w\" sizes=\"auto, (max-width: 1024px) 100vw, 1024px\" \/><figcaption class=\"wp-element-caption\">Aeschne mixte &#8211; <em>Aeschna mixta<\/em><\/figcaption><\/figure>\n\n\n\n<figure class=\"wp-block-image size-large\"><img loading=\"lazy\" decoding=\"async\" width=\"1024\" height=\"1024\" data-id=\"1006\" src=\"https:\/\/christellebes.com\/wp-content\/uploads\/2024\/12\/Anax_imperator_20240722_TNF_CB-1024x1024.jpg\" alt=\"\" class=\"wp-image-1006\" srcset=\"https:\/\/christellebes.com\/wp-content\/uploads\/2024\/12\/Anax_imperator_20240722_TNF_CB-1024x1024.jpg 1024w, https:\/\/christellebes.com\/wp-content\/uploads\/2024\/12\/Anax_imperator_20240722_TNF_CB-300x300.jpg 300w, https:\/\/christellebes.com\/wp-content\/uploads\/2024\/12\/Anax_imperator_20240722_TNF_CB-150x150.jpg 150w, https:\/\/christellebes.com\/wp-content\/uploads\/2024\/12\/Anax_imperator_20240722_TNF_CB-768x768.jpg 768w, https:\/\/christellebes.com\/wp-content\/uploads\/2024\/12\/Anax_imperator_20240722_TNF_CB-1536x1536.jpg 1536w, https:\/\/christellebes.com\/wp-content\/uploads\/2024\/12\/Anax_imperator_20240722_TNF_CB.jpg 1715w\" sizes=\"auto, (max-width: 1024px) 100vw, 1024px\" \/><figcaption class=\"wp-element-caption\">Anax empereur &#8211; <em>Anax imperator<\/em><\/figcaption><\/figure>\n\n\n\n<figure class=\"wp-block-image size-large\"><img loading=\"lazy\" decoding=\"async\" width=\"1024\" height=\"1024\" data-id=\"1014\" src=\"https:\/\/christellebes.com\/wp-content\/uploads\/2024\/12\/crocothemis_erythraea_2_20240523_ORY_CB-copie-1024x1024.jpg\" alt=\"\" class=\"wp-image-1014\" srcset=\"https:\/\/christellebes.com\/wp-content\/uploads\/2024\/12\/crocothemis_erythraea_2_20240523_ORY_CB-copie-1024x1024.jpg 1024w, https:\/\/christellebes.com\/wp-content\/uploads\/2024\/12\/crocothemis_erythraea_2_20240523_ORY_CB-copie-300x300.jpg 300w, https:\/\/christellebes.com\/wp-content\/uploads\/2024\/12\/crocothemis_erythraea_2_20240523_ORY_CB-copie-150x150.jpg 150w, https:\/\/christellebes.com\/wp-content\/uploads\/2024\/12\/crocothemis_erythraea_2_20240523_ORY_CB-copie-768x768.jpg 768w, https:\/\/christellebes.com\/wp-content\/uploads\/2024\/12\/crocothemis_erythraea_2_20240523_ORY_CB-copie.jpg 1249w\" sizes=\"auto, (max-width: 1024px) 100vw, 1024px\" \/><figcaption class=\"wp-element-caption\">Crocothemis erythraea &#8211; <em>Crocoth\u00e9mis \u00e9carlate<\/em><\/figcaption><\/figure>\n\n\n\n<figure class=\"wp-block-image size-large\"><img loading=\"lazy\" decoding=\"async\" width=\"1024\" height=\"852\" data-id=\"403\" src=\"https:\/\/christellebes.com\/wp-content\/uploads\/2023\/01\/Gomphus_pulchellus_-gomphe_gentil-1024x852.jpg\" alt=\"\" class=\"wp-image-403\" srcset=\"https:\/\/christellebes.com\/wp-content\/uploads\/2023\/01\/Gomphus_pulchellus_-gomphe_gentil-1024x852.jpg 1024w, https:\/\/christellebes.com\/wp-content\/uploads\/2023\/01\/Gomphus_pulchellus_-gomphe_gentil-300x250.jpg 300w, https:\/\/christellebes.com\/wp-content\/uploads\/2023\/01\/Gomphus_pulchellus_-gomphe_gentil-768x639.jpg 768w, https:\/\/christellebes.com\/wp-content\/uploads\/2023\/01\/Gomphus_pulchellus_-gomphe_gentil-1536x1278.jpg 1536w, https:\/\/christellebes.com\/wp-content\/uploads\/2023\/01\/Gomphus_pulchellus_-gomphe_gentil.jpg 1653w\" sizes=\"auto, (max-width: 1024px) 100vw, 1024px\" \/><figcaption class=\"wp-element-caption\">Gomphus pulchellus &#8211; <em>Gomphe gentil<\/em><\/figcaption><\/figure>\n\n\n\n<figure class=\"wp-block-image size-large\"><img loading=\"lazy\" decoding=\"async\" width=\"1024\" height=\"1024\" data-id=\"1024\" src=\"https:\/\/christellebes.com\/wp-content\/uploads\/2024\/12\/Libellula_depressa_2_20230613_LFPZ_CB87-copie-1024x1024.jpg\" alt=\"\" class=\"wp-image-1024\" srcset=\"https:\/\/christellebes.com\/wp-content\/uploads\/2024\/12\/Libellula_depressa_2_20230613_LFPZ_CB87-copie-1024x1024.jpg 1024w, https:\/\/christellebes.com\/wp-content\/uploads\/2024\/12\/Libellula_depressa_2_20230613_LFPZ_CB87-copie-300x300.jpg 300w, https:\/\/christellebes.com\/wp-content\/uploads\/2024\/12\/Libellula_depressa_2_20230613_LFPZ_CB87-copie-150x150.jpg 150w, https:\/\/christellebes.com\/wp-content\/uploads\/2024\/12\/Libellula_depressa_2_20230613_LFPZ_CB87-copie-768x768.jpg 768w, https:\/\/christellebes.com\/wp-content\/uploads\/2024\/12\/Libellula_depressa_2_20230613_LFPZ_CB87-copie-1536x1536.jpg 1536w, https:\/\/christellebes.com\/wp-content\/uploads\/2024\/12\/Libellula_depressa_2_20230613_LFPZ_CB87-copie-2048x2048.jpg 2048w\" sizes=\"auto, (max-width: 1024px) 100vw, 1024px\" \/><figcaption class=\"wp-element-caption\">Libellule d\u00e9prim\u00e9e &#8211; <em>Libellula depressa<\/em><\/figcaption><\/figure>\n\n\n\n<figure class=\"wp-block-image size-large\"><img loading=\"lazy\" decoding=\"async\" width=\"1024\" height=\"1024\" data-id=\"1025\" src=\"https:\/\/christellebes.com\/wp-content\/uploads\/2024\/12\/Orthetrum_cancellatum_1A_20240527_LFEF_CB-copie-1024x1024.jpg\" alt=\"\" class=\"wp-image-1025\" srcset=\"https:\/\/christellebes.com\/wp-content\/uploads\/2024\/12\/Orthetrum_cancellatum_1A_20240527_LFEF_CB-copie-1024x1024.jpg 1024w, https:\/\/christellebes.com\/wp-content\/uploads\/2024\/12\/Orthetrum_cancellatum_1A_20240527_LFEF_CB-copie-300x300.jpg 300w, https:\/\/christellebes.com\/wp-content\/uploads\/2024\/12\/Orthetrum_cancellatum_1A_20240527_LFEF_CB-copie-150x150.jpg 150w, https:\/\/christellebes.com\/wp-content\/uploads\/2024\/12\/Orthetrum_cancellatum_1A_20240527_LFEF_CB-copie-768x768.jpg 768w, https:\/\/christellebes.com\/wp-content\/uploads\/2024\/12\/Orthetrum_cancellatum_1A_20240527_LFEF_CB-copie-1536x1536.jpg 1536w, https:\/\/christellebes.com\/wp-content\/uploads\/2024\/12\/Orthetrum_cancellatum_1A_20240527_LFEF_CB-copie.jpg 1551w\" sizes=\"auto, (max-width: 1024px) 100vw, 1024px\" \/><figcaption class=\"wp-element-caption\">Orthetrum reticul\u00e9 &#8211; <em>Orthetrum<\/em> <em>cancellatum<\/em><\/figcaption><\/figure>\n\n\n\n<figure class=\"wp-block-image size-large\"><img loading=\"lazy\" decoding=\"async\" width=\"1024\" height=\"852\" data-id=\"398\" src=\"https:\/\/christellebes.com\/wp-content\/uploads\/2023\/01\/Sympetrum-fonscolombii3-1024x852.jpg\" alt=\"\" class=\"wp-image-398\" srcset=\"https:\/\/christellebes.com\/wp-content\/uploads\/2023\/01\/Sympetrum-fonscolombii3-1024x852.jpg 1024w, https:\/\/christellebes.com\/wp-content\/uploads\/2023\/01\/Sympetrum-fonscolombii3-300x250.jpg 300w, https:\/\/christellebes.com\/wp-content\/uploads\/2023\/01\/Sympetrum-fonscolombii3-768x639.jpg 768w, https:\/\/christellebes.com\/wp-content\/uploads\/2023\/01\/Sympetrum-fonscolombii3-1536x1278.jpg 1536w, https:\/\/christellebes.com\/wp-content\/uploads\/2023\/01\/Sympetrum-fonscolombii3.jpg 1653w\" sizes=\"auto, (max-width: 1024px) 100vw, 1024px\" \/><figcaption class=\"wp-element-caption\">Symp\u00e9trum \u00e0 nervures rouges &#8211; <em>Sympetrum fonscolombii<\/em><\/figcaption><\/figure>\n\n\n\n<figure class=\"wp-block-image size-large\"><img loading=\"lazy\" decoding=\"async\" width=\"1024\" height=\"852\" data-id=\"396\" src=\"https:\/\/christellebes.com\/wp-content\/uploads\/2023\/01\/Sympetrum-a-nervures-rouges-Sympetrum-fonscolombii5-1024x852.jpg\" alt=\"\" class=\"wp-image-396\" srcset=\"https:\/\/christellebes.com\/wp-content\/uploads\/2023\/01\/Sympetrum-a-nervures-rouges-Sympetrum-fonscolombii5-1024x852.jpg 1024w, https:\/\/christellebes.com\/wp-content\/uploads\/2023\/01\/Sympetrum-a-nervures-rouges-Sympetrum-fonscolombii5-300x250.jpg 300w, https:\/\/christellebes.com\/wp-content\/uploads\/2023\/01\/Sympetrum-a-nervures-rouges-Sympetrum-fonscolombii5-768x639.jpg 768w, https:\/\/christellebes.com\/wp-content\/uploads\/2023\/01\/Sympetrum-a-nervures-rouges-Sympetrum-fonscolombii5-1536x1278.jpg 1536w, https:\/\/christellebes.com\/wp-content\/uploads\/2023\/01\/Sympetrum-a-nervures-rouges-Sympetrum-fonscolombii5.jpg 1653w\" sizes=\"auto, (max-width: 1024px) 100vw, 1024px\" \/><figcaption class=\"wp-element-caption\">Symp\u00e9trum \u00e0 nervures rouges &#8211; <em>Sympetrum fonscolombii<\/em><\/figcaption><\/figure>\n\n\n\n<figure class=\"wp-block-image size-large\"><img loading=\"lazy\" decoding=\"async\" width=\"1024\" height=\"946\" data-id=\"1029\" src=\"https:\/\/christellebes.com\/wp-content\/uploads\/2024\/12\/Sympetrum_meridionale_20230907_LAI_CB-copie-1024x946.jpg\" alt=\"\" class=\"wp-image-1029\" srcset=\"https:\/\/christellebes.com\/wp-content\/uploads\/2024\/12\/Sympetrum_meridionale_20230907_LAI_CB-copie-1024x946.jpg 1024w, https:\/\/christellebes.com\/wp-content\/uploads\/2024\/12\/Sympetrum_meridionale_20230907_LAI_CB-copie-300x277.jpg 300w, https:\/\/christellebes.com\/wp-content\/uploads\/2024\/12\/Sympetrum_meridionale_20230907_LAI_CB-copie-768x709.jpg 768w, https:\/\/christellebes.com\/wp-content\/uploads\/2024\/12\/Sympetrum_meridionale_20230907_LAI_CB-copie-1536x1419.jpg 1536w, https:\/\/christellebes.com\/wp-content\/uploads\/2024\/12\/Sympetrum_meridionale_20230907_LAI_CB-copie.jpg 1569w\" sizes=\"auto, (max-width: 1024px) 100vw, 1024px\" \/><figcaption class=\"wp-element-caption\">Symp\u00e9trum m\u00e9ridional &#8211; <em>Sympetrum meridionale<\/em><\/figcaption><\/figure>\n<\/figure>\n\n\n\n<h3 class=\"wp-block-heading\">Zygopt\u00e8res<\/h3>\n\n\n\n<figure class=\"wp-block-gallery has-nested-images columns-default is-cropped wp-block-gallery-2 is-layout-flex wp-block-gallery-is-layout-flex\">\n<figure class=\"wp-block-image size-large\"><img loading=\"lazy\" decoding=\"async\" width=\"1024\" height=\"1024\" data-id=\"1032\" src=\"https:\/\/christellebes.com\/wp-content\/uploads\/2024\/12\/Ischnura_elegans_20230427_TNF_CB-copie-1024x1024.jpg\" alt=\"\" class=\"wp-image-1032\" srcset=\"https:\/\/christellebes.com\/wp-content\/uploads\/2024\/12\/Ischnura_elegans_20230427_TNF_CB-copie-1024x1024.jpg 1024w, https:\/\/christellebes.com\/wp-content\/uploads\/2024\/12\/Ischnura_elegans_20230427_TNF_CB-copie-300x300.jpg 300w, https:\/\/christellebes.com\/wp-content\/uploads\/2024\/12\/Ischnura_elegans_20230427_TNF_CB-copie-150x150.jpg 150w, https:\/\/christellebes.com\/wp-content\/uploads\/2024\/12\/Ischnura_elegans_20230427_TNF_CB-copie-768x768.jpg 768w, https:\/\/christellebes.com\/wp-content\/uploads\/2024\/12\/Ischnura_elegans_20230427_TNF_CB-copie-1536x1536.jpg 1536w, https:\/\/christellebes.com\/wp-content\/uploads\/2024\/12\/Ischnura_elegans_20230427_TNF_CB-copie.jpg 1672w\" sizes=\"auto, (max-width: 1024px) 100vw, 1024px\" \/><figcaption class=\"wp-element-caption\">Agrion \u00e9l\u00e9gant &#8211;<em> Ischnura elegans<\/em><\/figcaption><\/figure>\n\n\n\n<figure class=\"wp-block-image size-large\"><img loading=\"lazy\" decoding=\"async\" width=\"1024\" height=\"1024\" data-id=\"1018\" src=\"https:\/\/christellebes.com\/wp-content\/uploads\/2024\/12\/Ischnura_elegans_20240821_TNF_CB-copie-1024x1024.jpg\" alt=\"\" class=\"wp-image-1018\" srcset=\"https:\/\/christellebes.com\/wp-content\/uploads\/2024\/12\/Ischnura_elegans_20240821_TNF_CB-copie-1024x1024.jpg 1024w, https:\/\/christellebes.com\/wp-content\/uploads\/2024\/12\/Ischnura_elegans_20240821_TNF_CB-copie-300x300.jpg 300w, https:\/\/christellebes.com\/wp-content\/uploads\/2024\/12\/Ischnura_elegans_20240821_TNF_CB-copie-150x150.jpg 150w, https:\/\/christellebes.com\/wp-content\/uploads\/2024\/12\/Ischnura_elegans_20240821_TNF_CB-copie-768x768.jpg 768w, https:\/\/christellebes.com\/wp-content\/uploads\/2024\/12\/Ischnura_elegans_20240821_TNF_CB-copie-1536x1536.jpg 1536w, https:\/\/christellebes.com\/wp-content\/uploads\/2024\/12\/Ischnura_elegans_20240821_TNF_CB-copie-2048x2048.jpg 2048w\" sizes=\"auto, (max-width: 1024px) 100vw, 1024px\" \/><figcaption class=\"wp-element-caption\">C\u0153ur copulatoire d&rsquo;Agrions \u00e9l\u00e9gants &#8211;<em> Ischnura elegans<\/em><\/figcaption><\/figure>\n\n\n\n<figure class=\"wp-block-image size-large\"><img loading=\"lazy\" decoding=\"async\" width=\"1024\" height=\"1024\" data-id=\"1012\" src=\"https:\/\/christellebes.com\/wp-content\/uploads\/2024\/12\/Coenagrion_puella_20240527_LFEF_CB-copie-1024x1024.jpg\" alt=\"\" class=\"wp-image-1012\" srcset=\"https:\/\/christellebes.com\/wp-content\/uploads\/2024\/12\/Coenagrion_puella_20240527_LFEF_CB-copie-1024x1024.jpg 1024w, https:\/\/christellebes.com\/wp-content\/uploads\/2024\/12\/Coenagrion_puella_20240527_LFEF_CB-copie-300x300.jpg 300w, https:\/\/christellebes.com\/wp-content\/uploads\/2024\/12\/Coenagrion_puella_20240527_LFEF_CB-copie-150x150.jpg 150w, https:\/\/christellebes.com\/wp-content\/uploads\/2024\/12\/Coenagrion_puella_20240527_LFEF_CB-copie-768x768.jpg 768w, https:\/\/christellebes.com\/wp-content\/uploads\/2024\/12\/Coenagrion_puella_20240527_LFEF_CB-copie.jpg 1344w\" sizes=\"auto, (max-width: 1024px) 100vw, 1024px\" \/><figcaption class=\"wp-element-caption\">Agrion jouvencelle &#8211; <em>Coenagrion puella<\/em><\/figcaption><\/figure>\n\n\n\n<figure class=\"wp-block-image size-large\"><img loading=\"lazy\" decoding=\"async\" width=\"1024\" height=\"1024\" data-id=\"1016\" src=\"https:\/\/christellebes.com\/wp-content\/uploads\/2024\/12\/Enallagma_cyathigerum_20240821_TNF_CB-1024x1024.jpg\" alt=\"\" class=\"wp-image-1016\" srcset=\"https:\/\/christellebes.com\/wp-content\/uploads\/2024\/12\/Enallagma_cyathigerum_20240821_TNF_CB-1024x1024.jpg 1024w, https:\/\/christellebes.com\/wp-content\/uploads\/2024\/12\/Enallagma_cyathigerum_20240821_TNF_CB-300x300.jpg 300w, https:\/\/christellebes.com\/wp-content\/uploads\/2024\/12\/Enallagma_cyathigerum_20240821_TNF_CB-150x150.jpg 150w, https:\/\/christellebes.com\/wp-content\/uploads\/2024\/12\/Enallagma_cyathigerum_20240821_TNF_CB-768x768.jpg 768w, https:\/\/christellebes.com\/wp-content\/uploads\/2024\/12\/Enallagma_cyathigerum_20240821_TNF_CB-1536x1536.jpg 1536w, https:\/\/christellebes.com\/wp-content\/uploads\/2024\/12\/Enallagma_cyathigerum_20240821_TNF_CB.jpg 1664w\" sizes=\"auto, (max-width: 1024px) 100vw, 1024px\" \/><figcaption class=\"wp-element-caption\">Agrion porte coupe &#8211; <em>Enallagma cyathigerum<\/em><\/figcaption><\/figure>\n\n\n\n<figure class=\"wp-block-image size-large\"><img loading=\"lazy\" decoding=\"async\" width=\"1024\" height=\"1024\" data-id=\"1009\" src=\"https:\/\/christellebes.com\/wp-content\/uploads\/2024\/12\/Calopteryx_virgo_male2_20230621_UIP_CB-1024x1024.jpg\" alt=\"\" class=\"wp-image-1009\" srcset=\"https:\/\/christellebes.com\/wp-content\/uploads\/2024\/12\/Calopteryx_virgo_male2_20230621_UIP_CB-1024x1024.jpg 1024w, https:\/\/christellebes.com\/wp-content\/uploads\/2024\/12\/Calopteryx_virgo_male2_20230621_UIP_CB-300x300.jpg 300w, https:\/\/christellebes.com\/wp-content\/uploads\/2024\/12\/Calopteryx_virgo_male2_20230621_UIP_CB-150x150.jpg 150w, https:\/\/christellebes.com\/wp-content\/uploads\/2024\/12\/Calopteryx_virgo_male2_20230621_UIP_CB-768x768.jpg 768w, https:\/\/christellebes.com\/wp-content\/uploads\/2024\/12\/Calopteryx_virgo_male2_20230621_UIP_CB-1536x1536.jpg 1536w, https:\/\/christellebes.com\/wp-content\/uploads\/2024\/12\/Calopteryx_virgo_male2_20230621_UIP_CB-2048x2048.jpg 2048w\" sizes=\"auto, (max-width: 1024px) 100vw, 1024px\" \/><figcaption class=\"wp-element-caption\">Calopt\u00e9ryx vierge &#8211; <em>Calopteryx virgo<\/em><\/figcaption><\/figure>\n\n\n\n<figure class=\"wp-block-image size-large\"><img loading=\"lazy\" decoding=\"async\" width=\"1024\" height=\"1024\" data-id=\"1020\" src=\"https:\/\/christellebes.com\/wp-content\/uploads\/2024\/12\/Lestes_barbarus_20240821_TNF_CB-copie-1024x1024.jpg\" alt=\"\" class=\"wp-image-1020\" srcset=\"https:\/\/christellebes.com\/wp-content\/uploads\/2024\/12\/Lestes_barbarus_20240821_TNF_CB-copie-1024x1024.jpg 1024w, https:\/\/christellebes.com\/wp-content\/uploads\/2024\/12\/Lestes_barbarus_20240821_TNF_CB-copie-300x300.jpg 300w, https:\/\/christellebes.com\/wp-content\/uploads\/2024\/12\/Lestes_barbarus_20240821_TNF_CB-copie-150x150.jpg 150w, https:\/\/christellebes.com\/wp-content\/uploads\/2024\/12\/Lestes_barbarus_20240821_TNF_CB-copie-768x768.jpg 768w, https:\/\/christellebes.com\/wp-content\/uploads\/2024\/12\/Lestes_barbarus_20240821_TNF_CB-copie.jpg 1395w\" sizes=\"auto, (max-width: 1024px) 100vw, 1024px\" \/><figcaption class=\"wp-element-caption\">Leste barbare &#8211; <em>Lestes barbarus<\/em><\/figcaption><\/figure>\n\n\n\n<figure class=\"wp-block-image size-large\"><img loading=\"lazy\" decoding=\"async\" width=\"1024\" height=\"1024\" data-id=\"1010\" src=\"https:\/\/christellebes.com\/wp-content\/uploads\/2024\/12\/Chalcostes_viridis_2A_20240705_UIP_AD-1024x1024.jpg\" alt=\"\" class=\"wp-image-1010\" srcset=\"https:\/\/christellebes.com\/wp-content\/uploads\/2024\/12\/Chalcostes_viridis_2A_20240705_UIP_AD-1024x1024.jpg 1024w, https:\/\/christellebes.com\/wp-content\/uploads\/2024\/12\/Chalcostes_viridis_2A_20240705_UIP_AD-300x300.jpg 300w, https:\/\/christellebes.com\/wp-content\/uploads\/2024\/12\/Chalcostes_viridis_2A_20240705_UIP_AD-150x150.jpg 150w, https:\/\/christellebes.com\/wp-content\/uploads\/2024\/12\/Chalcostes_viridis_2A_20240705_UIP_AD-768x768.jpg 768w, https:\/\/christellebes.com\/wp-content\/uploads\/2024\/12\/Chalcostes_viridis_2A_20240705_UIP_AD-1536x1536.jpg 1536w, https:\/\/christellebes.com\/wp-content\/uploads\/2024\/12\/Chalcostes_viridis_2A_20240705_UIP_AD.jpg 1888w\" sizes=\"auto, (max-width: 1024px) 100vw, 1024px\" \/><figcaption class=\"wp-element-caption\">Leste vert &#8211; <em>Chalcostes viridis<\/em><\/figcaption><\/figure>\n\n\n\n<figure class=\"wp-block-image size-large\"><img loading=\"lazy\" decoding=\"async\" width=\"1024\" height=\"1024\" data-id=\"1027\" src=\"https:\/\/christellebes.com\/wp-content\/uploads\/2024\/12\/Pyrrhosoma_nymphula2_20230531_BES_CBE-copie-1024x1024.jpg\" alt=\"\" class=\"wp-image-1027\" srcset=\"https:\/\/christellebes.com\/wp-content\/uploads\/2024\/12\/Pyrrhosoma_nymphula2_20230531_BES_CBE-copie-1024x1024.jpg 1024w, https:\/\/christellebes.com\/wp-content\/uploads\/2024\/12\/Pyrrhosoma_nymphula2_20230531_BES_CBE-copie-300x300.jpg 300w, https:\/\/christellebes.com\/wp-content\/uploads\/2024\/12\/Pyrrhosoma_nymphula2_20230531_BES_CBE-copie-150x150.jpg 150w, https:\/\/christellebes.com\/wp-content\/uploads\/2024\/12\/Pyrrhosoma_nymphula2_20230531_BES_CBE-copie-768x768.jpg 768w, https:\/\/christellebes.com\/wp-content\/uploads\/2024\/12\/Pyrrhosoma_nymphula2_20230531_BES_CBE-copie-1536x1536.jpg 1536w, https:\/\/christellebes.com\/wp-content\/uploads\/2024\/12\/Pyrrhosoma_nymphula2_20230531_BES_CBE-copie.jpg 1872w\" sizes=\"auto, (max-width: 1024px) 100vw, 1024px\" \/><figcaption class=\"wp-element-caption\">Petite nymphe au corps de feu &#8211; <em>Pyrrhosoma nymphula<\/em><\/figcaption><\/figure>\n<\/figure>\n\n\n\n<p><\/p>\n","protected":false},"excerpt":{"rendered":"<p>Anisopt\u00e8res Zygopt\u00e8res<\/p>\n","protected":false},"author":1,"featured_media":0,"parent":17,"menu_order":8,"comment_status":"closed","ping_status":"closed","template":"","meta":{"footnotes":""},"class_list":["post-386","page","type-page","status-publish","hentry"],"_links":{"self":[{"href":"https:\/\/christellebes.com\/index.php\/wp-json\/wp\/v2\/pages\/386","targetHints":{"allow":["GET"]}}],"collection":[{"href":"https:\/\/christellebes.com\/index.php\/wp-json\/wp\/v2\/pages"}],"about":[{"href":"https:\/\/christellebes.com\/index.php\/wp-json\/wp\/v2\/types\/page"}],"author":[{"embeddable":true,"href":"https:\/\/christellebes.com\/index.php\/wp-json\/wp\/v2\/users\/1"}],"replies":[{"embeddable":true,"href":"https:\/\/christellebes.com\/index.php\/wp-json\/wp\/v2\/comments?post=386"}],"version-history":[{"count":19,"href":"https:\/\/christellebes.com\/index.php\/wp-json\/wp\/v2\/pages\/386\/revisions"}],"predecessor-version":[{"id":1033,"href":"https:\/\/christellebes.com\/index.php\/wp-json\/wp\/v2\/pages\/386\/revisions\/1033"}],"up":[{"embeddable":true,"href":"https:\/\/christellebes.com\/index.php\/wp-json\/wp\/v2\/pages\/17"}],"wp:attachment":[{"href":"https:\/\/christellebes.com\/index.php\/wp-json\/wp\/v2\/media?parent=386"}],"curies":[{"name":"wp","href":"https:\/\/api.w.org\/{rel}","templated":true}]}}