{"id":442,"date":"2023-01-26T13:30:57","date_gmt":"2023-01-26T12:30:57","guid":{"rendered":"https:\/\/christellebes.com\/?page_id=442"},"modified":"2024-12-17T09:42:55","modified_gmt":"2024-12-17T08:42:55","slug":"442-2","status":"publish","type":"page","link":"https:\/\/christellebes.com\/","title":{"rendered":"Christelle B\u00e8s"},"content":{"rendered":"\n<div class=\"wp-block-columns is-not-stacked-on-mobile is-layout-flex wp-container-core-columns-is-layout-9d6595d7 wp-block-columns-is-layout-flex\">\n<div class=\"wp-block-column is-layout-flow wp-block-column-is-layout-flow\" style=\"flex-basis:100%\">\n<div class=\"wp-block-columns is-layout-flex wp-container-core-columns-is-layout-9d6595d7 wp-block-columns-is-layout-flex\">\n<div class=\"wp-block-column is-layout-flow wp-block-column-is-layout-flow\" style=\"flex-basis:100%\"><div class=\"wp-block-image\">\n<figure class=\"aligncenter size-full\"><img loading=\"lazy\" decoding=\"async\" width=\"600\" height=\"200\" src=\"https:\/\/christellebes.com\/wp-content\/uploads\/2023\/01\/christellebes-1.jpg\" alt=\"\" class=\"wp-image-501\" srcset=\"https:\/\/christellebes.com\/wp-content\/uploads\/2023\/01\/christellebes-1.jpg 600w, https:\/\/christellebes.com\/wp-content\/uploads\/2023\/01\/christellebes-1-300x100.jpg 300w\" sizes=\"auto, (max-width: 600px) 100vw, 600px\" \/><\/figure>\n<\/div>\n\n\n<p><\/p>\n\n\n\n<p><\/p>\n\n\n\n<p><\/p>\n\n\n\n<p><\/p>\n\n\n\n<h3 class=\"wp-block-heading has-text-align-center\">Bienvenue sur mon site<\/h3>\n\n\n\n<p><\/p>\n\n\n\n<p class=\"has-text-align-center\">Passionn\u00e9e de biodiversit\u00e9 : avifaune, flore, amphibiens, pollinisateurs etc&#8230;, je r\u00e9alise des \u00e9tudes naturalistes faune \/ flore et r\u00e9dige des rapports de synth\u00e8se et des conseils \u00e0 destination des gestionnaires d&rsquo;espaces verts. <\/p>\n\n\n\n<p class=\"has-text-align-center\">Ayant un go\u00fbt prononc\u00e9 pour l&rsquo;\u00e9change et la transmission, je r\u00e9alise des animations pour les enfants de tous \u00e2ges et des ateliers ou journ\u00e9es d&rsquo;\u00e9changes pour les adultes avec la structure <a href=\"https:\/\/www.unecigaledansla fourmiliere.com\">https:\/\/www.unecigaledansla fourmiliere.com<\/a>. Je suis \u00e9galement animatrice de sciences participatives avec divers protocoles tels que le SPIPoll, QUBS ou encore POPReptile, ainsi qu&rsquo;animatrice de la fresque de la biodiversit\u00e9. <\/p>\n\n\n\n<p>Mon parcours professionnel s&rsquo;articule autour de deux grands temps forts : une formation initiale dans le e-commerce et le marketing, ainsi que les exp\u00e9riences qui vont avec, et une reconversion dans le monde scientifique, avec une reprise des \u00e9tudes, du niveau bac jusqu&rsquo;au master, et les exp\u00e9riences professionnelles qui ont suivi. <\/p>\n\n\n\n<p class=\"has-text-align-center\">Je vous laisse d\u00e9couvrir mon profil et vous souhaite une bonne visite !<\/p>\n<\/div>\n<\/div>\n<\/div>\n<\/div>\n\n\n\n<figure class=\"wp-block-gallery has-nested-images columns-5 is-cropped wp-block-gallery-1 is-layout-flex wp-block-gallery-is-layout-flex\">\n<figure class=\"wp-block-image size-large\"><a href=\"https:\/\/christellebes.com\/index.php\/competences\/\"><img loading=\"lazy\" decoding=\"async\" width=\"960\" height=\"956\" data-id=\"474\" src=\"https:\/\/christellebes.com\/wp-content\/uploads\/2023\/01\/competences-1.jpg\" alt=\"\" class=\"wp-image-474\" srcset=\"https:\/\/christellebes.com\/wp-content\/uploads\/2023\/01\/competences-1.jpg 960w, https:\/\/christellebes.com\/wp-content\/uploads\/2023\/01\/competences-1-300x300.jpg 300w, https:\/\/christellebes.com\/wp-content\/uploads\/2023\/01\/competences-1-150x150.jpg 150w, https:\/\/christellebes.com\/wp-content\/uploads\/2023\/01\/competences-1-768x765.jpg 768w\" sizes=\"auto, (max-width: 960px) 100vw, 960px\" \/><\/a><\/figure>\n\n\n\n<figure class=\"wp-block-image size-large\"><a href=\"https:\/\/christellebes.com\/index.php\/experiences\/\"><img loading=\"lazy\" decoding=\"async\" width=\"960\" height=\"956\" data-id=\"475\" src=\"https:\/\/christellebes.com\/wp-content\/uploads\/2023\/01\/experiences-1.jpg\" alt=\"\" class=\"wp-image-475\" srcset=\"https:\/\/christellebes.com\/wp-content\/uploads\/2023\/01\/experiences-1.jpg 960w, https:\/\/christellebes.com\/wp-content\/uploads\/2023\/01\/experiences-1-300x300.jpg 300w, https:\/\/christellebes.com\/wp-content\/uploads\/2023\/01\/experiences-1-150x150.jpg 150w, https:\/\/christellebes.com\/wp-content\/uploads\/2023\/01\/experiences-1-768x765.jpg 768w\" sizes=\"auto, (max-width: 960px) 100vw, 960px\" \/><\/a><\/figure>\n\n\n\n<figure class=\"wp-block-image size-large\"><a href=\"https:\/\/christellebes.com\/index.php\/formation\/\"><img loading=\"lazy\" decoding=\"async\" width=\"960\" height=\"956\" data-id=\"476\" src=\"https:\/\/christellebes.com\/wp-content\/uploads\/2023\/01\/formation-1.jpg\" alt=\"\" class=\"wp-image-476\" srcset=\"https:\/\/christellebes.com\/wp-content\/uploads\/2023\/01\/formation-1.jpg 960w, https:\/\/christellebes.com\/wp-content\/uploads\/2023\/01\/formation-1-300x300.jpg 300w, https:\/\/christellebes.com\/wp-content\/uploads\/2023\/01\/formation-1-150x150.jpg 150w, https:\/\/christellebes.com\/wp-content\/uploads\/2023\/01\/formation-1-768x765.jpg 768w\" sizes=\"auto, (max-width: 960px) 100vw, 960px\" \/><\/a><\/figure>\n\n\n\n<figure class=\"wp-block-image size-large\"><a href=\"https:\/\/christellebes.com\/index.php\/recommandations\/\"><img loading=\"lazy\" decoding=\"async\" width=\"960\" height=\"956\" data-id=\"477\" src=\"https:\/\/christellebes.com\/wp-content\/uploads\/2023\/01\/recommandations-1.jpg\" alt=\"\" class=\"wp-image-477\" srcset=\"https:\/\/christellebes.com\/wp-content\/uploads\/2023\/01\/recommandations-1.jpg 960w, https:\/\/christellebes.com\/wp-content\/uploads\/2023\/01\/recommandations-1-300x300.jpg 300w, https:\/\/christellebes.com\/wp-content\/uploads\/2023\/01\/recommandations-1-150x150.jpg 150w, https:\/\/christellebes.com\/wp-content\/uploads\/2023\/01\/recommandations-1-768x765.jpg 768w\" sizes=\"auto, (max-width: 960px) 100vw, 960px\" \/><\/a><\/figure>\n\n\n\n<figure class=\"wp-block-image size-large\"><a href=\"https:\/\/christellebes.com\/index.php\/galerie-naturaliste\/\"><img loading=\"lazy\" decoding=\"async\" width=\"960\" height=\"956\" data-id=\"478\" src=\"https:\/\/christellebes.com\/wp-content\/uploads\/2023\/01\/photos-1.jpg\" alt=\"\" class=\"wp-image-478\" srcset=\"https:\/\/christellebes.com\/wp-content\/uploads\/2023\/01\/photos-1.jpg 960w, https:\/\/christellebes.com\/wp-content\/uploads\/2023\/01\/photos-1-300x300.jpg 300w, https:\/\/christellebes.com\/wp-content\/uploads\/2023\/01\/photos-1-150x150.jpg 150w, https:\/\/christellebes.com\/wp-content\/uploads\/2023\/01\/photos-1-768x765.jpg 768w\" sizes=\"auto, (max-width: 960px) 100vw, 960px\" \/><\/a><\/figure>\n<\/figure>\n\n\n\n<p><\/p>\n","protected":false},"excerpt":{"rendered":"<p>Bienvenue sur mon site Passionn\u00e9e de biodiversit\u00e9 : avifaune, flore, amphibiens, pollinisateurs etc&#8230;, je r\u00e9alise des \u00e9tudes naturalistes faune \/ flore et r\u00e9dige des rapports de synth\u00e8se et des conseils \u00e0 destination des gestionnaires d&rsquo;espaces verts. Ayant un go\u00fbt prononc\u00e9 pour l&rsquo;\u00e9change et la transmission, je r\u00e9alise des animations pour les enfants de tous \u00e2ges [&hellip;]<\/p>\n","protected":false},"author":1,"featured_media":0,"parent":0,"menu_order":0,"comment_status":"closed","ping_status":"closed","template":"","meta":{"footnotes":""},"class_list":["post-442","page","type-page","status-publish","hentry"],"_links":{"self":[{"href":"https:\/\/christellebes.com\/index.php\/wp-json\/wp\/v2\/pages\/442","targetHints":{"allow":["GET"]}}],"collection":[{"href":"https:\/\/christellebes.com\/index.php\/wp-json\/wp\/v2\/pages"}],"about":[{"href":"https:\/\/christellebes.com\/index.php\/wp-json\/wp\/v2\/types\/page"}],"author":[{"embeddable":true,"href":"https:\/\/christellebes.com\/index.php\/wp-json\/wp\/v2\/users\/1"}],"replies":[{"embeddable":true,"href":"https:\/\/christellebes.com\/index.php\/wp-json\/wp\/v2\/comments?post=442"}],"version-history":[{"count":33,"href":"https:\/\/christellebes.com\/index.php\/wp-json\/wp\/v2\/pages\/442\/revisions"}],"predecessor-version":[{"id":1048,"href":"https:\/\/christellebes.com\/index.php\/wp-json\/wp\/v2\/pages\/442\/revisions\/1048"}],"wp:attachment":[{"href":"https:\/\/christellebes.com\/index.php\/wp-json\/wp\/v2\/media?parent=442"}],"curies":[{"name":"wp","href":"https:\/\/api.w.org\/{rel}","templated":true}]}}